{"id":7,"date":"2011-03-24T18:08:53","date_gmt":"2011-03-24T18:08:53","guid":{"rendered":"http:\/\/www.pauloteixeira.net\/wordpress\/?page_id=7"},"modified":"2021-12-30T16:38:40","modified_gmt":"2021-12-30T16:38:40","slug":"photography","status":"publish","type":"page","link":"https:\/\/www.pauloteixeira.net\/wordpress\/photography\/","title":{"rendered":"Fotografia"},"content":{"rendered":"<p><img loading=\"lazy\" class=\"size-thumbnail wp-image-93\" src=\"http:\/\/www.pauloteixeira.net\/wordpress\/wp-content\/uploads\/2011\/03\/me5-150x150.jpg\" alt=\"\" width=\"150\" height=\"150\" \/><\/p>\n<p><strong>ALGUNS TRABALHOS<\/strong><\/p>\n<p>Fotografia Digital O acesso \u00e0s modernas tecnologias e t\u00e9cnicas de fotografia e uma aprendizagem permanente nessa \u00e1rea, permitem-me poder ajud\u00e1-lo a registar momentos \u00fanicos. Para mais tarde recordar&#8230;<\/p>\n<p><strong>EVENTOS <span style=\"color: #ff0000;\">(SERVI\u00c7O DESCONTINUADO)<\/span><br \/>\n<\/strong><\/p>\n<p>A captura daquele momento inesquec\u00edvel; a festinha da escola, aquela cerim\u00f3nia religiosa, aquele evento importante&#8230;<\/p>\n<p><strong>SUPORTE <span style=\"color: #ff0000;\">(SERVI\u00c7O DESCONTINUADO)<\/span><\/strong><\/p>\n<p>Produ\u00e7\u00e3o e montagem de fotos para \u00e1lbuns ou livros em impress\u00e3o digital ou em papel fotogr\u00e1fico; posters, calend\u00e1rios, telas, etc.<\/p>\n","protected":false},"excerpt":{"rendered":"<p>ALGUNS TRABALHOS Fotografia Digital O acesso \u00e0s modernas tecnologias e t\u00e9cnicas de fotografia e uma aprendizagem permanente nessa \u00e1rea, permitem-me poder ajud\u00e1-lo a registar momentos \u00fanicos. Para mais tarde recordar&#8230; EVENTOS (SERVI\u00c7O DESCONTINUADO) A captura daquele momento inesquec\u00edvel; a festinha da escola, aquela cerim\u00f3nia religiosa, aquele evento importante&#8230; SUPORTE (SERVI\u00c7O DESCONTINUADO) Produ\u00e7\u00e3o e montagem de [&hellip;]<\/p>\n","protected":false},"author":1,"featured_media":0,"parent":0,"menu_order":2,"comment_status":"open","ping_status":"open","template":"","meta":[],"_links":{"self":[{"href":"https:\/\/www.pauloteixeira.net\/wordpress\/wp-json\/wp\/v2\/pages\/7"}],"collection":[{"href":"https:\/\/www.pauloteixeira.net\/wordpress\/wp-json\/wp\/v2\/pages"}],"about":[{"href":"https:\/\/www.pauloteixeira.net\/wordpress\/wp-json\/wp\/v2\/types\/page"}],"author":[{"embeddable":true,"href":"https:\/\/www.pauloteixeira.net\/wordpress\/wp-json\/wp\/v2\/users\/1"}],"replies":[{"embeddable":true,"href":"https:\/\/www.pauloteixeira.net\/wordpress\/wp-json\/wp\/v2\/comments?post=7"}],"version-history":[{"count":5,"href":"https:\/\/www.pauloteixeira.net\/wordpress\/wp-json\/wp\/v2\/pages\/7\/revisions"}],"predecessor-version":[{"id":580,"href":"https:\/\/www.pauloteixeira.net\/wordpress\/wp-json\/wp\/v2\/pages\/7\/revisions\/580"}],"wp:attachment":[{"href":"https:\/\/www.pauloteixeira.net\/wordpress\/wp-json\/wp\/v2\/media?parent=7"}],"curies":[{"name":"wp","href":"https:\/\/api.w.org\/{rel}","templated":true}]}}